(j). What are the prime factors of s/9 + 224/12?
2, 3
Suppose -7*h = -2*h - 15. List the prime factors of (h + 28/(-4))*-6.
2, 3
Let w(q) = q**3 + 2*q**2 + q. Let n be w(-2). What are the prime factors of (-120)/(-21) - n/7?
2, 3
Let x be (2/(-2))/((-1)/(-17)). Let n = 24 + x. What are the prime factors of n?
7
Suppose 0 = g + j - 2, 2*j = g - j - 10. Suppose -2*y = -74 - g. List the prime factors of y.
3, 13
Let i = -419 + 605. What are the prime factors of i?
2, 3, 31
Let h = 32 - 30. What are the prime factors of h?
2
Let i = -40 + 71. Suppose 2*o - i = 3*b, 2*o + 5*b - 95 = -2*o. List the prime factors of o.
2, 5
Suppose d - 1 = -2, -5*r - 4*d = -416. What are the prime factors of r?
2, 3, 7
Let a(p) = 8*p + 22. What are the prime factors of a(11)?
2, 5, 11
Let n be (-5)/25 - 58/10. Let u be 2/4 - (-3)/n. Suppose 2*l + 2*l - 3*v - 12 = 0, 2*l + 4*v - 6 = u. List the prime factors of l.
3
Let v(i) = -i**2 - 8*i + 2. Let n = 7 + -15. Let a be v(n). Suppose a*r = -2*r + 24. What are the prime factors of r?
2, 3
Suppose 0 = -l - 5*t + 116, -4*l + 316 = 5*t - 88. List the prime factors of l.
2, 3
Suppose -44 = -u - l, 2*u + 40 = -5*l + 134. Suppose -a - u = -4*a. What are the prime factors of a?
2, 7
Let g = -53 + -19. Let n = g + 101. What are the prime factors of n?
29
Let d = -5 - -9. Suppose -112 = -4*k + 4*v, d*k + 3*v - 44 = 33. List the prime factors of k.
23
Let u be 8 + -3 + (-8)/(-4). Let i be (-63 + 0)/(2/(-2)). Suppose u = 5*g - i. List the prime factors of g.
2, 7
Suppose j = -p + 120, 3*j - 6*j = 2*p - 355. Suppose 33 + 44 = 4*x - y, -5*y - j = -5*x. List the prime factors of x.
2, 3
Suppose -m + 327 - 76 = 0. List the prime factors of m.
251
Let m(k) = -k**2 + 6*k - 4. Let v be (6/4)/((-12)/(-32)). Let o be m(v). Suppose 16 = -0*c + o*c. List the prime factors of c.
2
Let v(h) = 10*h**2 - 3*h. List the prime factors of v(2).
2, 17
Let t(w) = -6*w + 12. List the prime factors of t(-6).
2, 3
Let r(t) = 2*t - 3. Let z be r(3). Suppose -z*k - k = 0. List the prime factors of 7 - 2 - (-2 - k).
7
Let c(z) = z**3 + 7*z**2 - 10*z - 4. Let b be c(-8). What are the prime factors of 4/(-5)*(-150)/b?
2, 5
Suppose 5*j = 80 + 10. What are the prime factors of j?
2, 3
Let s(h) = -h**3 + 2*h**2 + 5*h + 1. Suppose -12 = -7*a + 4*a. Let f be s(a). What are the prime factors of 0 + f/(1/(-1))?
11
Let b(s) = -11*s**3 + 2*s**2 + s. Let w be 2/(0 + -1 - 1). List the prime factors of b(w).
2, 3
Let b(n) = n**2 + 7*n + 314. What are the prime factors of b(0)?
2, 157
What are the prime factors of 2/10 + (-117)/(-15)?
2
Let t(w) = -w**3 + 6*w**2 - w + 7. Let o be (-80)/(-14) - (-6)/21. Let l be t(o). What are the prime factors of 11/l - (-2)/2?
2, 3
Suppose 0*a - 4*a = -12. Let r be -2*4/((-16)/6). Suppose a*f - 29 = -4*t, -4*t = r*f + f - 40. What are the prime factors of f?
11
Let l(j) = j**2 - 5. Suppose -5*z - 3 = 17, 12 = m - 4*z. Let h be l(m). Suppose -p = -4*n + 5, -p + n = 5*n - h. List the prime factors of p.
3
Let z = 22 - 16. Suppose d = -d + z. What are the prime factors of ((-10)/d)/(6/(-9))?
5
Let s(m) = 11*m**2 + 1. Let p be (-2 - -1)/((-8)/(-72)). Let w(y) = y**2 + 9*y - 1. Let c be w(p). List the prime factors of s(c).
2, 3
Let x be 1*-2*(-2)/(-4). List the prime factors of (30 + 4)*x/(-2).
17
Let j(p) = -7*p**2 + p + 3. Let x(c) = c**2 + 1. Let q(o) = -j(o) + 3*x(o). Let i be q(-1). Suppose -3*l + 7 = -i. What are the prime factors of l?
2, 3
Let m be -3*2 - 0/(-7). Let u = m - -10. Let r(g) = 2*g**2 - 5*g. List the prime factors of r(u).
2, 3
Suppose 5*n = 4*i - 26, i + 3*i - 24 = 4*n. Let r = i + -2. Suppose -3*p + 40 = r*p. What are the prime factors of p?
2
Suppose -4*o = -18 - 98. What are the prime factors of o?
29
Let k = -738 - -1382. List the prime factors of k/126 + 1/(-9).
5
Suppose 0*t + 2*t = 88. List the prime factors of t.
2, 11
Let l = -22 + 64. Let u = 17 - l. What are the prime factors of (-1)/3 - u/3?
2
Let x(q) = q. Let s be x(3). Suppose -s = -3*l + 9. Let j = 13 - l. What are the prime factors of j?
3
Suppose -11*t + 1144 = -3*t. What are the prime factors of t?
11, 13
List the prime factors of (-44)/16*(-6 + 2).
11
Let h(j) = j**2 - 1. Suppose 0 = -4*n - 4*k - 0*k, -2*n + 9 = -k. List the prime factors of h(n).
2
Suppose t - q = -2, -3*t + 5*q - 8 = 2. Let l = t + 0. Suppose l = -2*c + 21 + 1. What are the prime factors of c?
11
Let q = -33 - -23. Let c be (q/6)/((-8)/24). Suppose -3*k - 15 = 0, 2*d - 14 = -k - c. List the prime factors of d.
7
Let u = 274 - 56. List the prime factors of u.
2, 109
Let d(t) = 2*t + 1. Let c be d(2). Suppose -c*o - 40 = -n, n + 4*n - o - 104 = 0. Suppose -2*z - 2*z + n = 0. What are the prime factors of z?
5
Let a be ((-3)/(-3)*16)/1. Let l be (-2)/7 + a/7. List the prime factors of -16*l/6*-3.
2
Suppose 0 = 5*n + 3*h - 42, 2*h - 4 = h. List the prime factors of 0 - 16/(-12)*n.
2
Suppose -40 = -4*m - 4*k, -23 = -2*m - k - 6. Let x(v) = 6*v - 9. List the prime factors of x(m).
3, 11
Let g(s) = -s**3 + 11*s**2 - 8*s - 7. What are the prime factors of g(10)?
13
Suppose -a - 7 = -2*a. Suppose a = j + 2. Suppose -j*n + 15 = -0. List the prime factors of n.
3
What are the prime factors of 20/15*12/1?
2
Let p(k) = 57*k**2 - k + 5. What are the prime factors of p(2)?
3, 7, 11
Let o(k) = -k. Let i be o(-4). Suppose 3*q - 3*w - 99 = 0, 3*q + i*w - 61 = 3. Suppose -3*t - 2*g = -t - q, 4 = -g. What are the prime factors of t?
2, 3
Let l(x) = -x**2 - 3*x + 7. Let a be l(5). Let m = 46 + a. What are the prime factors of m?
13
Suppose -2*x = 10, -2*n + 32 = 5*x - 39. What are the prime factors of n?
2, 3
Suppose 2*m - 23 = 5*k + 2, 0 = k + 1. What are the prime factors of m?
2, 5
Let c(l) = -l**3 - l**2 + 9*l - 2. Let a(x) = 2*x**3 + 2*x**2 - 17*x + 4. Let m(z) = 6*a(z) + 11*c(z). List the prime factors of m(2).
2
Let w(c) = c**2 + 3*c - 2. Let u be w(-3). Let b(o) = 11*o**2 + o - 2. Let z be b(u). Let k = z - 29. What are the prime factors of k?
11
List the prime factors of (-54)/(-12) + (2 - 6/4).
5
Let b be (5 - 5)*(-2)/6. Suppose 3*v + v = b. Suppose 4*l + l - 40 = v. List the prime factors of l.
2
Let t(u) = u**2 + 14*u + 7. Let a(m) = m + 1. Let d(o) = 6*a(o) - t(o). What are the prime factors of d(-5)?
2, 7
Suppose 10 = -2*r, -3*r = q - 0*q - 254. What are the prime factors of q?
269
Suppose 166 = 4*w + 3*z - 274, 3*z = 0. What are the prime factors of w?
2, 5, 11
Let h(a) = 6 + 6 - a**2 + 8*a + 6 - 8. What are the prime factors of h(8)?
2, 5
Suppose 4*u - 7 + 35 = 0. Let k = u + 14. Suppose 4*l = -p + 11, 5*l + 3*p = 5 + k. What are the prime factors of l?
3
Suppose -4*j = -2*q - 168, 5*j + 3*q - 101 = 109. What are the prime factors of j?
2, 3, 7
Let d(r) = -r + 12. Let h be d(5). Let t = -4 + h. Suppose -2*u = 8, 0 = a - 2*u - t*u - 24. List the prime factors of a.
2
Let o be 2 + 1 + (-2 - -1). Suppose 2*t - 2*b - o - 2 = 0, 3*b = 9. What are the prime factors of t?
5
Suppose 2*g = 5*l + 388, -6*l = -g - 4*l + 193. What are the prime factors of g?
3, 7
Let g(b) = -b + 0 + 0 - 1 - 3*b + b**2. Let v be g(5). Suppose 3*u - 36 - 20 = v*p, 3*u = -3*p + 21. List the prime factors of u.
2, 3
Let j(k) = -k**2 - 6*k - 4. Let h be j(-5). Suppose -h - 27 = -4*f. List the prime factors of f.
7
Suppose i = -4*d - 5 - 9, -2*d - 16 = -4*i. Suppose i*z + 3*h = 4*z - 14, 4*z - 2*h = 44. What are the prime factors of z?
13
Let t be (36/2)/(2/(-2)). Let q be 14/t + (-4)/18. List the prime factors of (-4)/2 + (q - -8).
5
What are the prime factors of (-16)/64 + (-2514)/(-8)?
2, 157
Suppose -2*w = 3*w + 230. Let p = -32 - w. What are the prime factors of p?
2, 7
Suppose 0 = 2*q - 5*q. Suppose q = 5*a + 4 + 11, 2*a - 15 = -h. List the prime factors of h.
3, 7
Let u = 129 + -75. List the prime factors of u.
2, 3
Let a(x) = x**3 - 10*x**2 + 3. Let k be a(10). Suppose 0*b - k*b + 6 = 0. List the prime factors of b.
2
Let t be (-65)/(-3) - 8/12. Let c be -3 + 4 + 0 + t. Suppose 7*s - 29 = 4*s - y, 0 = -4*s + 2*y + c. List the prime factors of s.
2
Suppose 2*r = 3*m - 79 - 145, -3*r - 225 = -3*m. What are the prime factors of m?
2, 37
Let f = -95 + 165. What are the prime factors of f?
2, 5, 7
Suppose 8 + 277 = 3*r. List the prime factors of r.
5, 19
Suppose 4 = -2*n - 2*n. Let a(v) = v**3 + 6*v**2 - 5*v - 6.